3, 7, 218819
What are the prime factors of 91790?
2, 5, 67, 137
What are the prime factors of 180975?
3, 5, 19, 127
List the prime factors of 661416.
2, 3, 7, 31, 127
What are the prime factors of 8508228?
2, 3, 17, 179, 233
List the prime factors of 32446.
2, 16223
List the prime factors of 299636.
2, 173, 433
What are the prime factors of 1754769?
3, 584923
What are the prime factors of 10734302?
2, 53, 101267
What are the prime factors of 1946381?
17, 114493
What are the prime factors of 13754786?
2, 101, 149, 457
What are the prime factors of 349091?
31, 11261
What are the prime factors of 10599019?
1013, 10463
What are the prime factors of 54480?
2, 3, 5, 227
List the prime factors of 24969711.
3, 13, 640249
List the prime factors of 2876720.
2, 5, 7, 11, 467
What are the prime factors of 174922?
2, 11, 7951
What are the prime factors of 4360708?
2, 11, 23, 31, 139
What are the prime factors of 427842?
2, 3, 19, 139
List the prime factors of 7883774.
2, 3941887
List the prime factors of 1603575.
3, 5, 7127
List the prime factors of 4804836.
2, 3, 29, 13807
What are the prime factors of 225424?
2, 73, 193
List the prime factors of 166102.
2, 53, 1567
What are the prime factors of 3426384?
2, 3, 13, 17, 19
What are the prime factors of 1845838?
2, 181, 5099
What are the prime factors of 38255?
5, 7, 1093
List the prime factors of 26256092.
2, 17, 386119
List the prime factors of 2662549.
23, 115763
List the prime factors of 534441.
3, 29, 6143
List the prime factors of 135417.
3, 45139
What are the prime factors of 526509?
3, 19, 3079
What are the prime factors of 1528174?
2, 37, 107, 193
List the prime factors of 12560384.
2, 6133
List the prime factors of 2931719.
7, 19, 47, 67
List the prime factors of 886459.
7, 79, 229
What are the prime factors of 1951140?
2, 3, 5, 31, 1049
What are the prime factors of 433405?
5, 7, 29, 61
What are the prime factors of 382315?
5, 76463
What are the prime factors of 169547?
7, 53, 457
What are the prime factors of 2154088?
2, 23, 509
List the prime factors of 677858.
2, 17, 19937
What are the prime factors of 21839315?
5, 4367863
List the prime factors of 3441205.
5, 521, 1321
What are the prime factors of 17050763?
67, 254489
List the prime factors of 31076804.
2, 11, 706291
List the prime factors of 451653.
3, 150551
What are the prime factors of 2990937?
3, 996979
What are the prime factors of 579058?
2, 419, 691
What are the prime factors of 1049008?
2, 65563
What are the prime factors of 9026198?
2, 4513099
List the prime factors of 624051.
3, 29, 797
List the prime factors of 4441599.
3, 23, 43, 499
What are the prime factors of 847840?
2, 5, 7, 757
What are the prime factors of 15021551?
15021551
What are the prime factors of 7995509?
7995509
List the prime factors of 166164.
2, 3, 61, 227
What are the prime factors of 17603693?
577, 30509
What are the prime factors of 145023?
3, 48341
What are the prime factors of 5372781?
3, 197, 9091
What are the prime factors of 556563?
3, 7, 17, 1559
What are the prime factors of 15015113?
23, 652831
List the prime factors of 27478.
2, 11, 1249
What are the prime factors of 584657?
73, 8009
List the prime factors of 107971.
107971
List the prime factors of 1085616.
2, 3, 7, 359
What are the prime factors of 262527?
3, 87509
What are the prime factors of 278589?
3, 92863
What are the prime factors of 3450474?
2, 3, 191693
What are the prime factors of 309312?
2, 3, 179
What are the prime factors of 5395944?
2, 3, 224831
What are the prime factors of 1041954?
2, 3, 173659
List the prime factors of 2911065.
3, 5, 194071
What are the prime factors of 162273?
3, 54091
What are the prime factors of 234408?
2, 3, 9767
List the prime factors of 4325850.
2, 3, 5, 9613
List the prime factors of 451406.
2, 79, 2857
What are the prime factors of 47136?
2, 3, 491
What are the prime factors of 268323?
3, 11, 47, 173
What are the prime factors of 2145258?
2, 3, 39727
What are the prime factors of 14256313?
29, 593, 829
List the prime factors of 429395.
5, 157, 547
List the prime factors of 351263.
11, 2903
What are the prime factors of 262189?
29, 9041
What are the prime factors of 13375635?
3, 5, 7, 13, 41, 239
List the prime factors of 7571203.
7571203
List the prime factors of 1453236.
2, 3, 347, 349
What are the prime factors of 211513?
31, 6823
What are the prime factors of 1219437?
3, 23, 43, 137
What are the prime factors of 211407?
3, 7, 10067
List the prime factors of 4994632.
2, 624329
What are the prime factors of 232745?
5, 46549
What are the prime factors of 17206342?
2, 347, 24793
List the prime factors of 255240.
2, 3, 5, 709
List the prime factors of 694791.
3, 25733
List the prime factors of 225110.
2, 5, 22511
What are the prime factors of 140848?
2, 8803
List the prime factors of 2543168.
2, 79, 503
List the prime factors of 1038919.
7, 193, 769
What are the prime factors of 5073598?
2, 2536799
What are the prime factors of 118910?
2, 5, 11, 23, 47
What are the prime factors of 24169167?
3, 11, 241, 1013
List the prime factors of 393055.
5, 13, 6047
List the prime factors of 10840696.
2, 17, 79, 1009
What are the prime factors of 600143?
47, 113
List the prime factors of 1184176.
2, 7, 97, 109
What are the prime factors of 82068?
2, 3, 7, 977
List the prime factors of 1477634.
2, 397, 1861
What are the prime factors of 126111?
3, 127, 331
List the prime factors of 997811.
997811
List the prime factors of 85092.
2, 3, 7, 1013
What are the prime factors of 115068?
2, 3, 43, 223
What are the prime factors of 5101573?
5101573
List the prime factors of 14748824.
2, 61, 30223
What are the prime factors of 43862?
2, 7, 13, 241
What are the prime factors of 8126941?
293, 27737
List the prime factors of 254307.
3, 103, 823
List the prime factors of 674300.
2, 5, 11, 613
What are the prime factors of 35460222?
2, 3, 7, 103, 1171
What are the prime factors of 3783307?
11, 31267
List the prime factors of 757807.
757807
List the prime factors of 11096445.
3, 5, 41, 18043
What are the prime factors of 81866?
2, 40933
What are the prime factors of 2974871?
269, 11059
List the prime factors of 177920.
2, 5, 139
What are the prime factors of 8623959?
3, 863, 3331
List the prime factors of 130636.
2, 11, 2969
List the prime factors of 24666050.
2, 5, 37, 67, 199
List the prime factors of 15568929.
3, 73, 2633
List the prime factors of 6221462.
2, 13, 239287
What are the prime factors of 753218?
2, 376609
List the prime factors of 8734.
2, 11, 397
List the prime factors of 1441085.
5, 491, 587
What are the prime factors of 14324377?
23, 367, 1697
What are the prime factors of 1501901?
1501901
What are the prime factors of 9906310?
2, 5, 990631
What are the prime factors of 7143864?
2, 3, 7, 13, 3271
What are the prime factors of 2793951?
3, 310439
What are the prime factors of 185726?
2, 92863
List the prime factors of 5233781.
7, 179, 4177
List the prime factors of 307227.
3, 102409
What are the prime factors of 288867?
3, 96289
What are the prime factors of 60043?
97, 619
List the prime factors of 55132.
2, 7, 11, 179
List the prime factors of 218501.
17, 12853
List the prime factors of 411456.
2, 3, 2143
What are the prime factors of 2047861?
277, 7393
What are the prime factors of 1279599?
3, 227, 1879
What are the prime factors of 885710?
2, 5, 7, 12653
List the prime factors of 108549.
3, 7, 1723
List the prime factors of 31061911.
31061911
List the prime factors of 2984953.
2984953
List the prime factors of 12346.
2, 6173
What are the prime factors of 1053403?
13, 81031
List the prime factors of 1221847.
11, 277, 401
What are the prime factors of 730360?
2, 5, 19, 31
List the prime factors of 329796.
2, 3, 9161
What are the prime factors of 115115?
5, 7, 11, 13, 23
What are the prime factors of 444079?
444079
What are the prime factors of 3633758?
2, 29, 31, 43, 47
What are the prime factors of 447192?
2, 3, 6211
What are the prime factors of 2301987?
3, 17, 45137
List the prime factors of 58462.
2, 29231
List the prime factors of 220375.
5, 41, 43
List the prime factors of 135751.
7, 11, 41, 43
List the prime factors of 8711.
31, 281
List the prime factors of 2849537.
2849537
What are the prime factors of 11605316?
2, 613, 4733
What are the prime factors of 